 of 24107?
24107
List the prime factors of 1928.
2, 241
List the prime factors of 28106.
2, 13, 23, 47
List the prime factors of 44834.
2, 29, 773
List the prime factors of 815.
5, 163
List the prime factors of 3380.
2, 5, 13
What are the prime factors of 3244?
2, 811
List the prime factors of 21248.
2, 83
What are the prime factors of 940?
2, 5, 47
List the prime factors of 771.
3, 257
List the prime factors of 1519.
7, 31
What are the prime factors of 452?
2, 113
List the prime factors of 1442.
2, 7, 103
What are the prime factors of 138951?
3, 15439
List the prime factors of 53999.
11, 4909
What are the prime factors of 12030?
2, 3, 5, 401
List the prime factors of 1082.
2, 541
What are the prime factors of 1556?
2, 389
List the prime factors of 1138.
2, 569
What are the prime factors of 26129?
17, 29, 53
List the prime factors of 5505.
3, 5, 367
List the prime factors of 33209.
11, 3019
What are the prime factors of 1284?
2, 3, 107
What are the prime factors of 1179?
3, 131
List the prime factors of 197.
197
What are the prime factors of 5712?
2, 3, 7, 17
List the prime factors of 2822.
2, 17, 83
List the prime factors of 3110.
2, 5, 311
What are the prime factors of 17759?
7, 43, 59
What are the prime factors of 2332?
2, 11, 53
List the prime factors of 58.
2, 29
List the prime factors of 5762.
2, 43, 67
What are the prime factors of 158787?
3, 5881
What are the prime factors of 13136?
2, 821
List the prime factors of 668.
2, 167
What are the prime factors of 8970?
2, 3, 5, 13, 23
List the prime factors of 296.
2, 37
List the prime factors of 154.
2, 7, 11
What are the prime factors of 12678?
2, 3, 2113
What are the prime factors of 3060?
2, 3, 5, 17
What are the prime factors of 8980?
2, 5, 449
What are the prime factors of 9265?
5, 17, 109
What are the prime factors of 3415?
5, 683
What are the prime factors of 11052?
2, 3, 307
What are the prime factors of 828?
2, 3, 23
What are the prime factors of 2433?
3, 811
What are the prime factors of 18355?
5, 3671
What are the prime factors of 1266?
2, 3, 211
What are the prime factors of 13696?
2, 107
What are the prime factors of 5446?
2, 7, 389
What are the prime factors of 1323?
3, 7
What are the prime factors of 122?
2, 61
What are the prime factors of 8051?
83, 97
List the prime factors of 1515.
3, 5, 101
What are the prime factors of 7962?
2, 3, 1327
What are the prime factors of 12481?
7, 1783
List the prime factors of 35103.
3, 11701
What are the prime factors of 147594?
2, 3, 17, 1447
What are the prime factors of 148597?
17, 8741
List the prime factors of 3539.
3539
List the prime factors of 446.
2, 223
What are the prime factors of 61260?
2, 3, 5, 1021
What are the prime factors of 2108?
2, 17, 31
What are the prime factors of 36157?
11, 19, 173
What are the prime factors of 14684?
2, 3671
List the prime factors of 102205.
5, 20441
What are the prime factors of 8582?
2, 7, 613
What are the prime factors of 1170?
2, 3, 5, 13
List the prime factors of 26024.
2, 3253
What are the prime factors of 37984?
2, 1187
List the prime factors of 69080.
2, 5, 11, 157
List the prime factors of 14603.
17, 859
List the prime factors of 13.
13
What are the prime factors of 661?
661
What are the prime factors of 13588?
2, 43, 79
What are the prime factors of 1030?
2, 5, 103
What are the prime factors of 8653?
17, 509
What are the prime factors of 4459?
7, 13
What are the prime factors of 7320?
2, 3, 5, 61
List the prime factors of 16274.
2, 79, 103
List the prime factors of 157391.
13, 12107
List the prime factors of 554.
2, 277
What are the prime factors of 2139?
3, 23, 31
List the prime factors of 17127.
3, 11, 173
List the prime factors of 26276.
2, 6569
What are the prime factors of 25053?
3, 7, 1193
What are the prime factors of 3873?
3, 1291
What are the prime factors of 22468?
2, 41, 137
What are the prime factors of 7778?
2, 3889
What are the prime factors of 113682?
2, 3, 18947
List the prime factors of 78796.
2, 19699
What are the prime factors of 9543?
3, 3181
What are the prime factors of 18861?
3, 6287
What are the prime factors of 1418?
2, 709
What are the prime factors of 1581?
3, 17, 31
What are the prime factors of 48109?
48109
List the prime factors of 105556.
2, 11, 2399
What are the prime factors of 10218?
2, 3, 13, 131
List the prime factors of 256.
2
What are the prime factors of 486?
2, 3
What are the prime factors of 1108?
2, 277
What are the prime factors of 7642?
2, 3821
What are the prime factors of 6283?
61, 103
List the prime factors of 1798.
2, 29, 31
What are the prime factors of 2170?
2, 5, 7, 31
List the prime factors of 16129.
127
What are the prime factors of 249?
3, 83
What are the prime factors of 108955?
5, 7, 11, 283
What are the prime factors of 1377?
3, 17
What are the prime factors of 522?
2, 3, 29
List the prime factors of 2379.
3, 13, 61
What are the prime factors of 85317?
3, 28439
What are the prime factors of 3035?
5, 607
List the prime factors of 44521.
211
List the prime factors of 8230.
2, 5, 823
List the prime factors of 23230.
2, 5, 23, 101
List the prime factors of 14726.
2, 37, 199
List the prime factors of 178.
2, 89
What are the prime factors of 13610?
2, 5, 1361
What are the prime factors of 1360?
2, 5, 17
What are the prime factors of 6083?
7, 11, 79
List the prime factors of 3076.
2, 769
List the prime factors of 22165.
5, 11, 13, 31
List the prime factors of 1555.
5, 311
List the prime factors of 81110.
2, 5, 8111
List the prime factors of 4272.
2, 3, 89
What are the prime factors of 1203?
3, 401
What are the prime factors of 2965?
5, 593
What are the prime factors of 10545?
3, 5, 19, 37
List the prime factors of 12398.
2, 6199
List the prime factors of 2918.
2, 1459
List the prime factors of 1120.
2, 5, 7
List the prime factors of 10209.
3, 41, 83
What are the prime factors of 116452?
2, 7, 4159
List the prime factors of 62142.
2, 3, 10357
What are the prime factors of 14563?
14563
What are the prime factors of 29143?
151, 193
List the prime factors of 2898.
2, 3, 7, 23
List the prime factors of 401.
401
List the prime factors of 3044.
2, 761
What are the prime factors of 3741?
3, 29, 43
What are the prime factors of 1474?
2, 11, 67
List the prime factors of 25021.
131, 191
List the prime factors of 913.
11, 83
What are the prime factors of 1030?
2, 5, 103
What are the prime factors of 168797?
23, 41, 179
List the prime factors of 111.
3, 37
List the prime factors of 17714.
2, 17, 521
What are the prime factors of 4066?
2, 19, 107
What are the prime factors of 4597?
4597
What are the prime factors of 21158?
2, 71, 149
What are the prime factors of 1646?
2, 823
What are the prime factors of 17526?
2, 3, 23, 127
What are the prime factors of 9975?
3, 5, 7, 19
List the prime factors of 540.
2, 3, 5
List the prime factors of 172.
2, 43
What are the prime factors of 1815?
3, 5, 11
List the prime factors of 41394.
2, 3, 6899
What are the prime factors of 34952?
2, 17, 257
What are the prime factors of 13291?
13291
List the prime factors of 4890.
2, 3, 5, 163
What are the prime factors of 5015?
5, 17, 59
What are the prime factors of 1425?
3, 5, 19
What are the prime factors of 16534?
2, 7, 1181
What are the prime factors of 57574?
2, 11, 2617
What are the prime factors of 1837?
11, 167
List the prime factors of 2772.
2, 3, 7, 11
List the prime factors of 606.
2, 3, 101
List the prime factors of 2642.
2, 1321
List the prime factors of 23704.
2, 2963
What are the prime factors of 999?
3, 37
List the prime factors of 17799.
3, 17, 349
What are the prime factors of 12205?
5, 2441
What are the prime factors of 1467?
3, 163
List the prime factors of 1083.
3, 19
What are the prime factors of 44781?
3, 11, 23, 59
What are the prime factors of 1288?
2, 7, 23
What are the prime factors of 4739?
7, 677
What are the prime factors of 27309?
3, 9103
What are the prime factors of 319?
11, 29
What are the prime factors of 107960?
2, 5, 2699
What are the prime factors of 40212?
2, 3, 1117
What are the prime factors of 1021?
1021
List the prime factors of 30508.
2, 29, 263
What are the prime factors of 27762?
2, 3, 7, 661
What are the prime factors of 720?
2, 3, 5
List the prime factors of 172004.
2, 7, 6143
List the prime factors of 35867.
13, 31, 89
List t